{"id":773,"date":"2018-08-30T16:18:55","date_gmt":"2018-08-30T19:18:55","guid":{"rendered":"https:\/\/inspinedo-cha.infd.edu.ar\/sitio\/profesorado-para-la-educacion-secundaria-en-biologia\/"},"modified":"2022-10-20T18:01:56","modified_gmt":"2022-10-20T21:01:56","slug":"profesorado-para-la-educacion-secundaria-en-biologia","status":"publish","type":"page","link":"https:\/\/inspinedo-cha.infd.edu.ar\/sitio\/profesorado-para-la-educacion-secundaria-en-biologia\/","title":{"rendered":"Profesorado para la Educaci\u00f3n Secundaria en Biolog\u00eda"},"content":{"rendered":"<p style=\"text-align: justify;\"><span style=\"font-size: small; font-family: Times New Roman;\"><strong>\u00a0<\/strong><\/span><\/p>\n<p style=\"text-align: center;\"><strong><span style=\"text-decoration: underline;\"><span style=\"font-size: small; font-family: Times New Roman;\">MATRIZ DE LA FORMACI\u00d3N<\/span><\/span><\/strong><\/p>\n<p style=\"text-align: justify;\"><span style=\"font-size: x-small; font-family: arial,helvetica,sans-serif;\">\u00a0\u00a0\u00a0 La educaci\u00f3n superior en la sociedad de la sudoeste chaque\u00f1o demanda<span style=\"mso-spacerun: yes;\">\u00a0 <\/span>consolidar y ampliar el acceso a la<span style=\"mso-spacerun: yes;\">\u00a0 <\/span>misma mediante el fortalecimiento de la funci\u00f3n de ense\u00f1anza en los I.E.S. en este sentido se busca ampliar la oferta <span style=\"background-color: #ffffff;\">y<\/span> el mejoramiento de su calidad, garantizando una formaci\u00f3n acad\u00e9mica acorde a las exigencias de la sociedad actual que demanda profesionales competentes capaces de interpelar a los j\u00f3venes desde la educaci\u00f3n p\u00fablica a<span style=\"mso-spacerun: yes;\">\u00a0 <\/span>la construcci\u00f3n de proyectos compartidos y a la valoraci\u00f3n del pluralismo y la diversidad cultural poniendo acento en la identidad como opci\u00f3n y construcci\u00f3n y no como herencia por recibir y donde los derechos del ciudadano sean el eje transversal de la propuesta de formaci\u00f3n.<\/span><\/p>\n<p style=\"text-align: justify;\"><span style=\"font-size: x-small; font-family: arial,helvetica,sans-serif;\">\u00a0\u00a0 Las exigencias actuales requieren de un perfil para la formaci\u00f3n docente que involucre la evaluaci\u00f3n de la propia pr\u00e1ctica como modo de enriquecer la teor\u00eda pedag\u00f3gica; que afiance el conocimiento respecto al aprendizaje y a la ense\u00f1anza, entendido \u00e9ste como una construcci\u00f3n activa de car\u00e1cter problem\u00e1tico, provisorio, perfectible y como medio para transformar la realidad.<\/span><\/p>\n<p style=\"text-align: justify;\"><span style=\"font-size: x-small; font-family: arial,helvetica,sans-serif;\">\u00a0\u00a0 En tal sentido, se desea que el conocimiento ocupe un lugar relevante en la formaci\u00f3n del estudiante, que sea fundamentado epistemol\u00f3gicamente, integrado, contextualizado y aplicable, que sirva para operar en y con la realidad, realizar nuevas elaboraciones te\u00f3ricas, revalorizar y resignificar los saberes previos. Se pretende que se apropie no solo<span style=\"mso-spacerun: yes;\">\u00a0 <\/span>de t\u00e9cnicas y procedimientos algor\u00edtmicos y heur\u00edsticos, sino que cuando emplee una estrategia sea consciente de sus prop\u00f3sitos y cuando se desv\u00ede de ellos sea capaz de reorientar o regular sus acciones.<\/span><\/p>\n<p style=\"text-align: justify;\"><span style=\"font-size: x-small; font-family: arial,helvetica,sans-serif;\">\u00a0\u00a0 Al respecto, se pretende desarrollar en los estudiantes conocimientos y capacidades fundamentales y articuladas entre s\u00ed a trav\u00e9s de la formaci\u00f3n inicial, la capacitaci\u00f3n para asumir el trabajo docente, el perfeccionamiento y la actualizaci\u00f3n pedag\u00f3gica y disciplinar; y la investigaci\u00f3n en \u00e1reas de su competencia.<\/span><\/p>\n<p style=\"text-align: justify;\"><span style=\"font-size: x-small; font-family: arial,helvetica,sans-serif;\">\u00a0\u00a0 En este marco se comparte la responsabilidad de formar profesionales docentes y de repensar y resignificar los procesos formativos asumiendo una formaci\u00f3n docente que permita enfrentar las demandas derivadas de la condici\u00f3n de la sociedad posmoderna la cual exige una educaci\u00f3n integradora pero especializada, homogeneizadora pero diversificada, local y global, que busca el cambio que tambi\u00e9n precisa continuidad.<\/span><\/p>\n<p><a href=\"https:\/\/inspinedo-cha.infd.edu.ar\/sitio\/wp-content\/uploads\/2022\/10\/RESOLUCION-07611-14.BIOLOGIA.pdf\">RESOLUCION-07611-14.BIOLOGIA &#8211; Plan de Estudios<\/a><\/p>\n<p>Requisitos para la Inscripcion&#8230;<\/p>\n<ul>\n<li>1 fotos carnet 4 x 4<\/li>\n<li>Fotocopia de Partida de Nacimiento.<\/li>\n<li>Fotocopia autenticada del Documento de Identidad<\/li>\n<li>Fotocopia autenticada del T\u00edtulo Secundario. Podr\u00e1 inscribirse con constancia emitida por la instituci\u00f3n educativa que no adeuda materias y que el T\u00edtulo Secundario est\u00e1 en Tr\u00e1mite.<\/li>\n<li>Certificado de aptitud psico-f\u00edsico (Sellado por autoridad de salud p\u00fablica).<\/li>\n<li>Carpeta Colgante<\/li>\n<li>Constancia de CUIL<\/li>\n<li>Libreta del estudiante (Comprar en rector\u00eda)<\/li>\n<li>Aporte Voluntario Asociaci\u00f3n Cooperadora.<\/li>\n<\/ul>\n<p><strong>OBSERVACI\u00d3N:<\/strong>\u00a0Las fotocopias pueden ser autenticadas por autoridades educativas de los diferentes niveles.<\/p>\n","protected":false},"excerpt":{"rendered":"<p>\u00a0 MATRIZ DE LA FORMACI\u00d3N \u00a0\u00a0\u00a0 La educaci\u00f3n superior en la sociedad de la sudoeste chaque\u00f1o demanda\u00a0 consolidar y ampliar el acceso a la\u00a0 misma mediante el fortalecimiento de la funci\u00f3n de ense\u00f1anza en los I.E.S. en este sentido se busca ampliar la oferta y el mejoramiento de su calidad, garantizando una formaci\u00f3n acad\u00e9mica acorde &#8230; <a title=\"Profesorado para la Educaci\u00f3n Secundaria en Biolog\u00eda\" class=\"read-more\" href=\"https:\/\/inspinedo-cha.infd.edu.ar\/sitio\/profesorado-para-la-educacion-secundaria-en-biologia\/\" aria-label=\"More on Profesorado para la Educaci\u00f3n Secundaria en Biolog\u00eda\">[+]<\/a><\/p>\n","protected":false},"author":257,"featured_media":0,"parent":0,"menu_order":0,"comment_status":"closed","ping_status":"closed","template":"","meta":[],"acf":[],"_links":{"self":[{"href":"https:\/\/inspinedo-cha.infd.edu.ar\/sitio\/wp-json\/wp\/v2\/pages\/773"}],"collection":[{"href":"https:\/\/inspinedo-cha.infd.edu.ar\/sitio\/wp-json\/wp\/v2\/pages"}],"about":[{"href":"https:\/\/inspinedo-cha.infd.edu.ar\/sitio\/wp-json\/wp\/v2\/types\/page"}],"author":[{"embeddable":true,"href":"https:\/\/inspinedo-cha.infd.edu.ar\/sitio\/wp-json\/wp\/v2\/users\/257"}],"replies":[{"embeddable":true,"href":"https:\/\/inspinedo-cha.infd.edu.ar\/sitio\/wp-json\/wp\/v2\/comments?post=773"}],"version-history":[{"count":2,"href":"https:\/\/inspinedo-cha.infd.edu.ar\/sitio\/wp-json\/wp\/v2\/pages\/773\/revisions"}],"predecessor-version":[{"id":908,"href":"https:\/\/inspinedo-cha.infd.edu.ar\/sitio\/wp-json\/wp\/v2\/pages\/773\/revisions\/908"}],"wp:attachment":[{"href":"https:\/\/inspinedo-cha.infd.edu.ar\/sitio\/wp-json\/wp\/v2\/media?parent=773"}],"curies":[{"name":"wp","href":"https:\/\/api.w.org\/{rel}","templated":true}]}}